er when c is divided by 28?
23
Let x = -24 + 43. Let o(v) = x*v - 24*v + 14*v + 1. Calculate the remainder when 73 is divided by o(2).
16
Suppose 0 = f + 3*n - 52, -4 = -f - 2*n + 44. Calculate the remainder when 114 is divided by f.
34
Let d(r) = 3*r**3 - r**2 - 3*r + 3. Suppose -12*w + 315 = 3*w. Suppose 0 = -w*k + 25*k - 132. What is the remainder when k is divided by d(2)?
16
Let r(l) = -24*l**2 + 61*l + 94. Calculate the remainder when 381 is divided by r(0).
5
Let p(f) = -3*f - 4. Let n be p(-3). Let l = -398 + 564. Suppose 0 = n*z + 4*d - 174, l = 5*z - 2*d - 2*d. Calculate the remainder when 99 is divided by z.
31
Suppose -3*j = 3*f - 143 - 82, -20 = -4*j. Suppose -a - t + 183 = a, 0 = -2*t + 6. Let v = -66 + a. What is the remainder when f is divided by v?
22
Suppose 2*j + 5*q = -4, -4*j + 3*q + 16 = -2. Suppose -2*r = -5*k - 14, r - j*r - 2*k = -42. Calculate the remainder when r is divided by 8.
1
Suppose -4*p - 5*j + 424 = 0, 5*p - 6*p - j = -108. Suppose -4*w + 30 + 31 = d, 0 = -4*w - 4*d + 64. What is the remainder when p is divided by w?
11
Suppose 4*v + 1655 = 5*k, 0*k + 330 = k - v. Calculate the remainder when 6/27 - 26*k/(-90) is divided by 11.
9
Suppose 3*x = 4*i + 2623, 1770 = 4*x - i - 1749. Calculate the remainder when x is divided by 49.
48
What is the remainder when 446 is divided by (-2)/(-1*(252/(-24) + 11))?
2
Let d(j) = -262*j**2 + 1058*j - 3. Calculate the remainder when 2028 is divided by d(4).
30
Suppose 50*d - 6*d = 6248. Suppose x + 55 = -2*g, 175 = -2*x - x + 4*g. Let l = -28 - x. Calculate the remainder when d is divided by l.
26
Let y(w) = 29*w - 9. Let n be y(-8). Let p be (0 - -3) + (n - -6). Calculate the remainder when (6/(-4))/(932/p - -4) is divided by 22.
21
Let n = 870 + -849. Let y = 95 + -89. Calculate the remainder when n is divided by y.
3
Suppose 1020*d = 1026*d - 6. Suppose -5*c = 5, n + d - 6 = -c. Calculate the remainder when 16 is divided by n.
4
Let a(f) = -12*f - 490. Suppose 0 = -5*u - 3*m + 310, 0 = -3*m - 8 - 7. What is the remainder when a(-62) is divided by u?
59
Suppose 9*r = 4*r + 105. What is the remainder when r is divided by (-20)/(-170) + (-1890)/(-119)?
5
Let f = 66 - 22. Calculate the remainder when (-462)/(-6) - (0 + 48)/(-8) is divided by f.
39
Let y(x) = x**3 - 3*x**2 + 15*x - 9. Calculate the remainder when y(8) is divided by (-30)/(-70) + 436/28.
15
Let h = -3616 - -7827. What is the remainder when h is divided by 14?
11
Let d(z) = z**2 + 10*z + 53. Let s be d(-7). Suppose -12*i + 148 + s = 0. Calculate the remainder when 53 is divided by i.
8
Let u(a) = a**3 + 22*a**2 - 23*a + 6. Let l be ((-36)/(-14))/(6/56). Let h = l - -35. What is the remainder when h is divided by u(-23)?
5
Let i(l) = -33*l**2 + 475*l + 6. Calculate the remainder when i(14) is divided by 174.
14
Let o be (1/(-2))/((-3)/36*2). Suppose o*a - 105 = -4*a. What is the remainder when 24 is divided by 28/5 + a/(-25)?
4
Let o = 163 + -153. Let f = 31 - 13. Suppose -4*a - f = -n, a - 9 = 2*n - 4*n. What is the remainder when o is divided by n?
4
Let z be 3/9*(2 + 25/1). Suppose -2 = -7*u - z. What is the remainder when 57 is divided by 36/30*(-10)/u?
9
Suppose -c - 3*c = 0. Suppose c = -20*t + 738 + 442. What is the remainder when t is divided by 51?
8
Calculate the remainder when 2442 is divided by -6*((-38)/4 + 10)/((-1)/271).
3
Suppose 16*k = -86*k + 99654. Calculate the remainder when k is divided by 82.
75
Let j(y) = -y**3 - 8*y**2 + 23*y + 32. Let h be j(-10). What is the remainder when ((-16)/6)/(h/(-3)) - -33 is divided by 10?
7
Let p be ((-18)/4 - 5)*2/(-1). Suppose p*b - 265 = 1. What is the remainder when 24 is divided by b?
10
Suppose -3*p - 5 + 14 = 0, 4*p = -3*u + 231. Calculate the remainder when u is divided by 5/((3/9)/1).
13
Let h be (-12)/30*-10 + 1. Suppose -231 + 1352 = 3*z - h*p, 1819 = 5*z + 4*p. What is the remainder when z is divided by 23?
22
Suppose 0 = -2*g - 2*q + 34, g = 2*q - 3 + 5. Let r = -20 - -46. Let n = 29 - r. Calculate the remainder when g is divided by n.
0
Suppose 5*s + a + 9 = -2, 0 = -2*s - a - 2. Let o = -19418 - -19468. What is the remainder when o is divided by 19 - (s + 1 - -3)?
14
Let v(c) be the first derivative of -5*c**3 - 14*c + 1/4*c**4 - 13/2*c**2 - 4. What is the remainder when v(16) is divided by 22?
12
Suppose -29*a - 2420 = -84*a. What is the remainder when 1399 is divided by a?
35
Suppose -4*i - 3*h = -1276, 628 = 2*i - 3*h + 2*h. Calculate the remainder when 634 is divided by i.
2
Let n(b) = 3*b - 6. Let o(y) = -y**2 - 14*y - 32. Let h be o(-12). Let u be n(h). Let l = 38 + u. Calculate the remainder when 29 is divided by l.
5
Let a(u) = -340*u + 4162. What is the remainder when a(12) is divided by 35?
12
Let x = 323 + -568. Let w = -226 - x. Let o(b) = -12*b**3 - b**2 + b + 1. What is the remainder when w is divided by o(-1)?
8
Calculate the remainder when (-1 + -39)*(-4 + 5)*22/(-2) is divided by 45.
35
Suppose 0 = 3*o - 3*z + 21 - 69, 0 = 4*o + z - 89. Calculate the remainder when 894 is divided by o.
12
Let u = 5109 + -2504. Calculate the remainder when u is divided by 174.
169
Let z(r) = -r + 101. Suppose -5*w - 141 = -216. What is the remainder when z(w) is divided by 33?
20
Let s = 11197 - 10847. Calculate the remainder when s is divided by 2.
0
Let v(k) = 4*k + 10. Suppose 28*q + 13126 + 814 = 113*q. Calculate the remainder when q is divided by v(6).
28
Let o(h) = -12*h + 349. What is the remainder when o(11) is divided by 766/14 + 4/14?
52
Let y(q) = 5*q + 81. Suppose 10*j + 195 = 45. Let c(k) = 6*k + 5. Calculate the remainder when c(4) is divided by y(j).
5
Let f be ((-8)/(-10))/(2*(-1)/5). Let u(y) = -2*y**3 - 2*y**2 - 2*y. Let v = 125 - 67. What is the remainder when v is divided by u(f)?
10
Let w = 717 - 711. What is the remainder when 97 is divided by w - (207/(-9) - 5)?
29
Let v(b) be the second derivative of -b**3/6 - 7*b**2/2 - 16*b. Let l be v(-10). What is the remainder when 71 is divided by (-4)/((-2)/12 + l/(-54))?
17
Let b = -15441 - -15551. What is the remainder when b is divided by 28?
26
Let c(q) = -3*q**3 - 68*q**2 - 53*q - 58. Calculate the remainder when 591 is divided by c(-22).
31
Let u(p) = p**3 - 4*p**2 + 2*p - 3. Let q be u(4). Suppose 2*k - 19 = q. Suppose -k*n + 5*n = -28. What is the remainder when n is divided by 2?
0
Suppose 29*k = 22*k + 119. Suppose -416 = k*r - 19*r. What is the remainder when r is divided by 56?
40
Let w be 256/14 - 6/21*1. Let b be ((-4)/w)/(-1) + (-2)/9. Suppose b = -10*g + 232 - 2. Calculate the remainder when 42 is divided by g.
19
Let f(q) = -q**2 - q + 7. Suppose 29 = -5*w + 4. Let b be f(w). Let j = 67 + b. What is the remainder when j is divided by 19?
16
Let n = -1395 + 1423. Let g = -53 - -77. Suppose 2*h + 2*h = g. What is the remainder when n is divided by h?
4
Suppose -2*v + 4*s = 3*v - 2104, -v + 416 = 4*s. Suppose -6*y = -0*y - v. Let m(f) = f**2 - 5*f. Calculate the remainder when y is divided by m(8).
22
Suppose -12*h = 2180 - 11816. Let m = -762 + h. Calculate the remainder when 98 is divided by m.
16
Suppose 3*y - j - 993 = -0*j, 1319 = 4*y - 3*j. What is the remainder when y is divided by 117?
98
Suppose -5*u + 558 = 4*g, -4*u + 354 = 3*g - 92. What is the remainder when u is divided by 24?
14
Let u(m) = m**2 - 24*m - 93. What is the remainder when u(-11) is divided by 4?
0
Suppose h = 4*h - 183. Let k(q) = 61*q**2 - 10*q + 16. What is the remainder when h is divided by k(0)?
13
Calculate the remainder when (72276/285)/((-4)/(-60)) is divided by 158.
12
Suppose 0 = -5*i + 3*u + 1222 + 74, i = u + 256. Calculate the remainder when 794 is divided by i.
2
Let a(t) = 2*t + 7. What is the remainder when 14/(-42) + 6705/27 is divided by a(7)?
17
Let l(a) = -6*a + 113. Suppose 0 = 4*t + 2*x - 38, -16*x + 14*x + 29 = 3*t. Calculate the remainder when l(t) is divided by 15.
14
Suppose -12 = -4*a + 2*p - 0*p, -2*p + 12 = 4*a. Suppose 41 = 2*i + a*w - 8, 2*i - 3*w = 31. What is the remainder when 78 is divided by i?
18
Let v(b) = -24*b - 132. Let s be v(-5). What is the remainder when 105 is divided by ((-40)/s)/(-5) + (-356)/(-12)?
18
Let u = 13 - 11. Let w be (-6 + u)*(-6)/4. What is the remainder when 13 is divided by ((-15)/12)/(w/(-24))?
3
Let a = 710 + -715. Let x(g) = 